ate the greatest common factor of 47050 and 1790.
10
Calculate the greatest common factor of 306486900 and 900.
900
Calculate the highest common divisor of 154 and 111790.
14
Calculate the highest common factor of 118011 and 180144.
417
Calculate the highest common divisor of 47889 and 558.
9
Calculate the highest common factor of 1511128 and 88.
8
Calculate the highest common factor of 10 and 147079610.
10
Calculate the highest common factor of 741054 and 328830.
678
Calculate the greatest common divisor of 144304 and 188616.
232
Calculate the highest common factor of 30955387 and 1565.
313
What is the highest common factor of 16372 and 571509683?
4093
What is the greatest common factor of 5698 and 11152834?
154
Calculate the highest common factor of 1140 and 70038750.
570
What is the highest common divisor of 495405034 and 2384?
298
Calculate the highest common factor of 88 and 8999276.
44
What is the greatest common factor of 114421 and 1517001?
3691
Calculate the highest common factor of 2816 and 38380320.
352
What is the highest common divisor of 161160 and 5430480?
2040
Calculate the highest common factor of 65 and 52017355.
65
Calculate the greatest common divisor of 506 and 32872752.
22
What is the highest common factor of 1197834 and 15906?
66
Calculate the highest common divisor of 2565323 and 95.
19
What is the highest common divisor of 25997285 and 305?
305
What is the highest common factor of 408617 and 14736?
307
What is the highest common factor of 4744 and 35046893?
593
Calculate the highest common factor of 2030 and 4888965.
145
What is the highest common divisor of 2700 and 424696500?
2700
Calculate the highest common factor of 16 and 4681784.
8
Calculate the highest common factor of 3035 and 53939234.
607
Calculate the greatest common divisor of 35285 and 13165.
5
What is the highest common divisor of 13508 and 315596?
1228
Calculate the greatest common divisor of 20678378 and 2128.
14
What is the highest common divisor of 110 and 271390636?
22
Calculate the highest common divisor of 9678295 and 13112.
1639
Calculate the greatest common factor of 8710611 and 8022.
21
Calculate the highest common factor of 1490962 and 9.
1
Calculate the highest common factor of 110 and 3245275.
55
Calculate the highest common factor of 5978750934 and 1417.
1417
What is the greatest common divisor of 27840 and 112178496?
5568
What is the greatest common divisor of 137 and 55532539?
137
Calculate the greatest common divisor of 36 and 761229.
9
Calculate the greatest common divisor of 62 and 514520485.
31
Calculate the greatest common divisor of 8 and 7309084.
4
What is the greatest common divisor of 71 and 912756191?
71
Calculate the greatest common factor of 2206269163 and 17102.
8551
Calculate the highest common divisor of 280476 and 28514.
106
What is the greatest common divisor of 63 and 59908317?
21
What is the greatest common factor of 134768 and 31544?
8
Calculate the greatest common divisor of 3809843501 and 878.
439
Calculate the highest common factor of 21703999 and 279.
31
What is the highest common factor of 4844 and 10342978?
346
What is the highest common factor of 655803 and 6129?
6129
Calculate the greatest common divisor of 308 and 2304632.
44
Calculate the greatest common divisor of 995 and 15969949.
199
What is the greatest common divisor of 15971881 and 163?
163
Calculate the greatest common factor of 17101240 and 120.
40
What is the highest common factor of 72 and 79558768?
8
What is the greatest common factor of 52 and 8957559?
13
Calculate the highest common divisor of 202 and 25983866.
202
Calculate the highest common divisor of 5028 and 109255926.
2514
Calculate the greatest common factor of 2418 and 54766686.
78
Calculate the greatest common factor of 4592968 and 8.
8
What is the greatest common divisor of 2272 and 421664?
32
What is the greatest common factor of 103077 and 295503?
39
What is the highest common factor of 27644990 and 320?
10
Calculate the greatest common factor of 22 and 130570110.
22
Calculate the greatest common factor of 1254 and 186813.
33
Calculate the greatest common factor of 253467820 and 115.
115
Calculate the greatest common divisor of 579150 and 4030.
130
What is the highest common divisor of 858534 and 10336?
646
Calculate the greatest common factor of 88788420 and 249.
249
What is the greatest common divisor of 19380 and 18920694?
1938
Calculate the greatest common factor of 595273 and 147.
7
What is the highest common factor of 42434795 and 410?
205
Calculate the greatest common divisor of 199073658 and 87923.
7993
Calculate the highest common divisor of 405 and 5159187.
27
What is the highest common divisor of 3630 and 15363975?
1815
What is the greatest common factor of 119 and 46098136?
7
What is the highest common factor of 46666436 and 1861?
1861
Calculate the highest common divisor of 156306 and 733461.
327
What is the greatest common factor of 46287020 and 8957?
689
Calculate the highest common divisor of 136249 and 3036599.
1349
Calculate the highest common factor of 39520 and 61857445.
1235
Calculate the highest common divisor of 18360 and 697.
17
Calculate the highest common factor of 10 and 2583093.
1
What is the greatest common divisor of 95917881 and 1335?
267
Calculate the greatest common divisor of 45980 and 152.
76
What is the greatest common divisor of 2125599 and 114681?
2667
What is the highest common factor of 40 and 769756880?
40
What is the highest common factor of 9785427 and 20298?
597
Calculate the greatest common divisor of 2486216 and 229.
1
What is the greatest common divisor of 12896 and 19139328?
416
Calculate the highest common divisor of 7095 and 336633.
33
What is the greatest common factor of 163592 and 6812?
52
Calculate the greatest common divisor of 1577 and 3062368.
83
Calculate the greatest common divisor of 10747 and 126093.
11
Calculate the greatest common divisor of 27206325 and 25.
25
What is the highest common divisor of 1525718 and 10610?
2122
Calculate the highest common divisor of 34 and 377519306.
34
What is the highest common divisor of 295445475 and 3225?
3225
What is the greatest common divisor of 16 and 25826352?
16
What is the greatest common divisor of 147086 and 307726?
502
Calculate the greatest common divisor of 15589 and 1928713.
131
What is the highest common factor of 60420404 and 77?
11
Calculate the highest common factor of 5903028 and 72.
36
Calculate the highest common divisor of 2416 and 746176.
16
What is the highest common factor of 160 and 2767720?
40
Calculate the highest common divisor of 11395 and 4610205.
265
What is the highest common divisor of 265489 and 843778?
391
What is the highest common factor of 740 and 27874838?
74
Calculate the highest common divisor of 15280 and 82000.
80
What is the highest common divisor of 3224347 and 21413?
1127
What is the highest common factor of 58080556 and 7668?
284
Calculate the highest common factor of 265833 and 9027.
9
Calculate the greatest common divisor of 3686 and 38570.
38
What is the highest common divisor of 38041 and 3761173?
349
What is the greatest common factor of 205 and 1071617?
41
Calculate the greatest common divisor of 26643 and 1871573059.
8881
What is the greatest common factor of 5202 and 5745898?
578
What is the highest common divisor of 132868 and 3222344?
236
What is the greatest common factor of 5196108 and 89037?
2283
What is the highest common factor of 40997420 and 10?
10
What is the greatest common divisor of 354753 and 11378374?
13139
What is the greatest common divisor of 1188 and 21832?
4
What is the greatest common factor of 118173044 and 326?
326
Calculate the greatest common divisor of 166530744 and 2384.
1192
What is the highest common factor of 77250 and 177984?
618
What is the greatest common divisor of 888 and 281546172?
444
What is the greatest common factor of 180832 and 41504?
32
Calculate the greatest common factor of 1926 and 13077.
9
Calculate the greatest common factor of 2224 and 2217328.
2224
Calculate the highest common divisor of 189812 and 791.
7
Calculate the highest common divisor of 92561463 and 27.
9
Calculate the highest common factor of 60 and 5993697.
3
What is the greatest common divisor of 33995 and 3271365?
2615
